{"id":186,"date":"2023-01-23T10:59:53","date_gmt":"2023-01-23T09:59:53","guid":{"rendered":"https:\/\/adoption-efa01.org\/?page_id=186"},"modified":"2023-01-23T11:10:15","modified_gmt":"2023-01-23T10:10:15","slug":"reseau-erf","status":"publish","type":"page","link":"https:\/\/adoption-efa01.org\/index.php\/reseau-erf\/","title":{"rendered":"R\u00e9seau ERF"},"content":{"rendered":"\n<figure class=\"wp-block-image size-large\"><img loading=\"lazy\" decoding=\"async\" width=\"1024\" height=\"478\" src=\"https:\/\/adoption-efa01.org\/wp-content\/uploads\/2023\/01\/image-2-1024x478.png\" alt=\"\" class=\"wp-image-193\" srcset=\"https:\/\/adoption-efa01.org\/wp-content\/uploads\/2023\/01\/image-2-1024x478.png 1024w, https:\/\/adoption-efa01.org\/wp-content\/uploads\/2023\/01\/image-2-300x140.png 300w, https:\/\/adoption-efa01.org\/wp-content\/uploads\/2023\/01\/image-2-768x358.png 768w, https:\/\/adoption-efa01.org\/wp-content\/uploads\/2023\/01\/image-2-1000x466.png 1000w, https:\/\/adoption-efa01.org\/wp-content\/uploads\/2023\/01\/image-2-230x107.png 230w, https:\/\/adoption-efa01.org\/wp-content\/uploads\/2023\/01\/image-2-350x163.png 350w, https:\/\/adoption-efa01.org\/wp-content\/uploads\/2023\/01\/image-2-480x224.png 480w, https:\/\/adoption-efa01.org\/wp-content\/uploads\/2023\/01\/image-2.png 1087w\" sizes=\"auto, (max-width: 1024px) 100vw, 1024px\" \/><\/figure>\n\n\n\n<p>Enfance &amp; Familles d\u2019Adoption (EFA) d\u00e9fend l\u2019id\u00e9e que tout enfant a le droit de grandir dans une famille et s\u2019est donn\u00e9 pour vocation de permettre aux enfants priv\u00e9s de famille de trouver d\u00e8s que possible un cadre familial et s\u00e9curisant. C\u2019est pourquoi l\u2019association a cr\u00e9\u00e9, en 1981, un service, Enfants en Recherche de Famille (ERF), qui cherche des familles pour des enfants dont l\u2019avenir est incertain.<\/p>\n\n\n\n<p><a href=\"https:\/\/adoption-efa01.org\/wp-content\/uploads\/2023\/01\/plaquetteerf2023-1.pdf\">CLIQUEZ ICI<\/a>  pour d\u00e9couvrir la plaquette ERF 2023 <\/p>\n","protected":false},"excerpt":{"rendered":"<p>Enfance &amp; Familles d\u2019Adoption (EFA) d\u00e9fend l\u2019id\u00e9e que tout enfant a le droit de grandir dans une famille et s\u2019est donn\u00e9 pour [&hellip;]<\/p>\n","protected":false},"author":3,"featured_media":0,"parent":0,"menu_order":0,"comment_status":"closed","ping_status":"closed","template":"","meta":{"_monsterinsights_skip_tracking":false,"_monsterinsights_sitenote_active":false,"_monsterinsights_sitenote_note":"","_monsterinsights_sitenote_category":0,"footnotes":""},"class_list":["post-186","page","type-page","status-publish","hentry"],"_links":{"self":[{"href":"https:\/\/adoption-efa01.org\/index.php\/wp-json\/wp\/v2\/pages\/186","targetHints":{"allow":["GET"]}}],"collection":[{"href":"https:\/\/adoption-efa01.org\/index.php\/wp-json\/wp\/v2\/pages"}],"about":[{"href":"https:\/\/adoption-efa01.org\/index.php\/wp-json\/wp\/v2\/types\/page"}],"author":[{"embeddable":true,"href":"https:\/\/adoption-efa01.org\/index.php\/wp-json\/wp\/v2\/users\/3"}],"replies":[{"embeddable":true,"href":"https:\/\/adoption-efa01.org\/index.php\/wp-json\/wp\/v2\/comments?post=186"}],"version-history":[{"count":2,"href":"https:\/\/adoption-efa01.org\/index.php\/wp-json\/wp\/v2\/pages\/186\/revisions"}],"predecessor-version":[{"id":195,"href":"https:\/\/adoption-efa01.org\/index.php\/wp-json\/wp\/v2\/pages\/186\/revisions\/195"}],"wp:attachment":[{"href":"https:\/\/adoption-efa01.org\/index.php\/wp-json\/wp\/v2\/media?parent=186"}],"curies":[{"name":"wp","href":"https:\/\/api.w.org\/{rel}","templated":true}]}}

Réseau ERF

<figure class="wp-block-image size-large"><img loading="lazy" decoding="async" width="1024" height="478" src="https://adoption-efa01.org/wp-content/uploads/2023/01/image-2-1024x478.png" alt="" class="wp-image-193" srcset="https://adoption-efa01.org/wp-content/uploads/2023/01/image-2-1024x478.png 1024w, https://adoption-efa01.org/wp-content/uploads/2023/01/image-2-300x140.png 300w, https://adoption-efa01.org/wp-content/uploads/2023/01/image-2-768x358.png 768w, https://adoption-efa01.org/wp-content/uploads/2023/01/image-2-1000x466.png 1000w, https://adoption-efa01.org/wp-content/uploads/2023/01/image-2-230x107.png 230w, https://adoption-efa01.org/wp-content/uploads/2023/01/image-2-350x163.png 350w, https://adoption-efa01.org/wp-content/uploads/2023/01/image-2-480x224.png 480w, https://adoption-efa01.org/wp-content/uploads/2023/01/image-2.png 1087w" sizes="auto, (max-width: 1024px) 100vw, 1024px" /></figure>



<p>Enfance &amp; Familles d’Adoption (EFA) défend l’idée que tout enfant a le droit de grandir dans une famille et s’est donné pour vocation de permettre aux enfants privés de famille de trouver dès que possible un cadre familial et sécurisant. C’est pourquoi l’association a créé, en 1981, un service, Enfants en Recherche de Famille (ERF), qui cherche des familles pour des enfants dont l’avenir est incertain.</p>



<p><a href="https://adoption-efa01.org/wp-content/uploads/2023/01/plaquetteerf2023-1.pdf">CLIQUEZ ICI</a>  pour découvrir la plaquette ERF 2023 </p>

<p>Enfance &amp; Familles d’Adoption (EFA) défend l’idée que tout enfant a le droit de grandir dans une famille et s’est donné pour [&hellip;]</p>
